 of 36227794?
7
What is the ten thousands digit of 27831805?
3
What is the ten thousands digit of 1169330709?
3
What is the millions digit of 41335207?
1
What is the thousands digit of 258669823?
9
What is the tens digit of 194713699?
9
What is the units digit of 35586537?
7
What is the millions digit of 7646204599?
6
What is the tens digit of 15670476?
7
What is the millions digit of 1954662120?
4
What is the ten millions digit of 450024788?
5
What is the hundred millions digit of 123598248?
1
What is the ten thousands digit of 305133873?
3
What is the hundreds digit of 167264051?
0
What is the hundreds digit of 2042039822?
8
What is the ten millions digit of 817893538?
1
What is the ten millions digit of 62325296?
6
What is the ten millions digit of 2475228748?
7
What is the hundred thousands digit of 71705473?
7
What is the millions digit of 877092347?
7
What is the hundred thousands digit of 26263978?
2
What is the ten thousands digit of 146417226?
1
What is the hundred millions digit of 322826019?
3
What is the tens digit of 136947969?
6
What is the tens digit of 791843640?
4
What is the thousands digit of 29368599?
8
What is the ten thousands digit of 227489891?
8
What is the millions digit of 680259259?
0
What is the hundreds digit of 84862375?
3
What is the billions digit of 3862816241?
3
What is the thousands digit of 851295335?
5
What is the ten millions digit of 32039666?
3
What is the thousands digit of 16275148?
5
What is the billions digit of 1471528350?
1
What is the thousands digit of 630552210?
2
What is the ten millions digit of 38286435?
3
What is the hundreds digit of 91078156?
1
What is the thousands digit of 4579664996?
4
What is the hundreds digit of 103261736?
7
What is the hundred millions digit of 3128934889?
1
What is the tens digit of 29035806?
0
What is the ten millions digit of 610755794?
1
What is the thousands digit of 385728461?
8
What is the thousands digit of 409484673?
4
What is the hundred millions digit of 2860802946?
8
What is the hundreds digit of 2799726451?
4
What is the ten millions digit of 4060507354?
6
What is the millions digit of 98077747?
8
What is the millions digit of 1476960446?
6
What is the hundred millions digit of 123452941?
1
What is the ten millions digit of 2205762540?
0
What is the hundreds digit of 228700001?
0
What is the thousands digit of 155924718?
4
What is the ten millions digit of 213408546?
1
What is the ten thousands digit of 36419236?
1
What is the units digit of 71742942?
2
What is the units digit of 44124506?
6
What is the tens digit of 247267124?
2
What is the hundreds digit of 2514059778?
7
What is the tens digit of 5175412552?
5
What is the thousands digit of 924603514?
3
What is the tens digit of 25027805?
0
What is the units digit of 51074136?
6
What is the ten millions digit of 1635505787?
3
What is the hundred thousands digit of 18212917?
2
What is the hundreds digit of 195138059?
0
What is the ten thousands digit of 1173560470?
6
What is the billions digit of 2019669985?
2
What is the tens digit of 66790332?
3
What is the hundreds digit of 145282181?
1
What is the ten millions digit of 42638081?
4
What is the units digit of 8359398?
8
What is the units digit of 270617415?
5
What is the thousands digit of 133515785?
5
What is the hundred millions digit of 1684013683?
6
What is the units digit of 29426998?
8
What is the tens digit of 2878630?
3
What is the hundreds digit of 1488378280?
2
What is the ten thousands digit of 4908918?
0
What is the units digit of 250713958?
8
What is the hundred thousands digit of 118770206?
7
What is the hundreds digit of 282859350?
3
What is the ten thousands digit of 56263069?
6
What is the units digit of 375378997?
7
What is the tens digit of 7317523766?
6
What is the millions digit of 103157440?
3
What is the millions digit of 79856208?
9
What is the thousands digit of 301384581?
4
What is the hundreds digit of 1167648749?
7
What is the units digit of 32385655?
5
What is the millions digit of 3697028456?
7
What is the ten thousands digit of 14748008?
4
What is the tens digit of 127476522?
2
What is the billions digit of 2873150758?
2
What is the hundred thousands digit of 516215258?
2
What is the ten thousands digit of 3914624912?
2
What is the hundred millions digit of 1719910569?
7
What is the ten thousands digit of 71828425?
2
What is the units digit of 34719485?
5
What is the tens digit of 81204219?
1
What is the units digit of 1427599276?
6
What is the tens digit of 29684375?
7
What is the ten thousands digit of 58836269?
3
What is the ten thousands digit of 3433662041?
6
What is the tens digit of 7228254696?
9
What is the hundred thousands digit of 3817064583?
0
What is the hundreds digit of 52280430?
4
What is the hundreds digit of 6588249?
2
What is the hundred thousands digit of 157229474?
2
What is the thousands digit of 688627040?
7
What is the ten millions digit of 1147927008?
4
What is the millions digit of 1483015940?
3
What is the hundred thousands digit of 46553046?
5
What is the units digit of 413669357?
7
What is the units digit of 188544292?
2
What is the hundred thousands digit of 178556318?
5
What is the ten thousands digit of 17094511?
9
What is the hundred thousands digit of 3606576346?
5
What is the millions digit of 43645155?
3
What is the hundreds digit of 1090163220?
2
What is the thousands digit of 1723023680?
3
What is the hundreds digit of 433292847?
8
What is the ten millions digit of 4868349470?
6
What is the hundred millions digit of 142679223?
1
What is the units digit of 1794115194?
4
What is the ten thousands digit of 461094753?
9
What is the hundred millions digit of 331213362?
3
What is the hundreds digit of 18302064?
0
What is the tens digit of 6467237758?
5
What is the units digit of 253283437?
7
What is the hundred thousands digit of 592710130?
7
What is the hundred millions digit of 208083369?
2
What is the hundred thousands digit of 596290534?
2
What is the hundred thousands digit of 159876659?
8
What is the thousands digit of 32105844?
5
What is the ten thousands digit of 899690?
9
What is the units digit of 116862641?
1
What is the ten millions digit of 363893805?
6
What is the hundreds digit of 51487182?
1
What is the tens digit of 131722618?
1
What is the hundred thousands digit of 26409586?
4
What is the millions digit of 640244159?
0
What is the ten millions digit of 223606310?
2
What is the hundred thousands digit of 147405982?
4
What is the ten millions digit of 25495028?
2
What is the hundred millions digit of 223072985?
2
What is the thousands digit of 30633074?
3
What is the ten thousands digit of 23069509?
6
What is the ten thousands digit of 5502264?
0
What is the ten thousands digit of 955717519?
1
What is the hundreds digit of 3837114580?
5
What is the hundred millions digit of 179815582?
1
What is the hundreds digit of 1431750642?
6
What is the ten millions digit of 190784090?
9
What is the units digit of 4345522681?
1
What is the ten thousands digit of 24520911?
2
What is the ten thousands digit of 4532000?
3
What is the hundreds digit of 114355550?
5
What is the units digit of 543985600?
0
What is the millions digit of 252257206?
2
What is the tens digit of 2342287615?
1
What is the millions digit of 317947571?
7
What is the hundreds digit of 208702024?
0
What is the ten millions digit of 46231519?
4
What is the millions digit of 4665314239?
5
What is the ten thousands digit of 24334401?
3
What is the hundreds digit of 54634310?
3
What is the ten millions digit of 869100821?
6
What is the hundreds digit of 6901156121?
1
What is the tens digit of 3165406840?
4
What is the hundreds digit of 12687881?
8
What is the units digit of 617705667?
7
What is the hundred millions digit of 1903788588?
9
What is the tens digit of 1366885858?
5
What is the hundred millions digit of 3166800869?
1
What is the thousands digit of 394211568?
1
What is the hundreds digit of 218020262?
2
What is the ten thousands digit of 101083299?
8
What is the units digit of 97395470?
0
What is the hundred thousands digit of 844478423?
4
What is the units digit of 3064582485?
5
What is the units digit of 203829109?
9
What is the ten thousands digit of 1335787325?
8
What is the hundreds digit of 1745017